hat is -1 - 2d870?
-2d871
In base 11, what is 425 - 33?
3a2
In base 16, what is -66fa - -1?
-66f9
In base 3, what is 11021001 - -1002?
11022010
In base 10, what is 10 + -388?
-378
In base 9, what is -4 - -1034083?
1034078
In base 14, what is 2a07 - -20?
2a27
In base 12, what is -1ab126 - 4?
-1ab12a
In base 8, what is -16 - 32?
-50
In base 14, what is -5 - 1d6a?
-1d71
In base 7, what is 65156 + 22?
65211
In base 11, what is -413 + -111?
-524
In base 16, what is -98146 + -5?
-9814b
In base 5, what is 104312 + 2?
104314
In base 13, what is 10 + -9b01?
-9ac1
In base 8, what is -2314 + -25?
-2341
In base 7, what is 24 + 512246?
512303
In base 2, what is 0 - -11001111000101101?
11001111000101101
In base 3, what is -10112 + 2100?
-1012
In base 9, what is 136 + -27?
108
In base 6, what is -2 - 210135?
-210141
In base 7, what is 6136 - 25?
6111
In base 11, what is 4 + -864a7?
-864a3
In base 4, what is -32102 - 311?
-33013
In base 8, what is 130151 + 11?
130162
In base 10, what is -10 + 7018?
7008
In base 11, what is -21 + -144a2?
-14513
In base 3, what is 101012 - 220?
100022
In base 4, what is -303 + 10112301?
10111332
In base 6, what is -122043 + 4?
-122035
In base 7, what is 1 + -1243050?
-1243046
In base 10, what is 22753 + -2?
22751
In base 4, what is -210100 + -1231?
-211331
In base 10, what is 5 + 349633?
349638
In base 9, what is -5 - -30374?
30368
In base 11, what is -17 + -393?
-3aa
In base 9, what is 3 - 588342?
-588338
In base 12, what is 5222 - b?
5213
In base 3, what is -112000212210 + 12?
-112000212121
In base 8, what is 4 - 124006?
-124002
In base 13, what is -28c4 + -85?
-2979
In base 8, what is 45 - 635503?
-635436
In base 5, what is 3303 - -2232?
11040
In base 15, what is -2e62 - -2a?
-2e37
In base 16, what is -4737 + -3?
-473a
In base 7, what is -10135 + 56?
-10046
In base 7, what is 4 - -402661?
402665
In base 14, what is -2807 + -32?
-2839
In base 4, what is 12032 + 1111?
13203
In base 3, what is 10211211 - -2010?
10220221
In base 2, what is 100 + 1110111110000111?
1110111110001011
In base 8, what is -45452477 - 3?
-45452502
In base 8, what is 254073 + -13?
254060
In base 6, what is -4421440 + -2?
-4421442
In base 16, what is -28 - -c9b?
c73
In base 7, what is 4 - -300516?
300523
In base 12, what is 93216 + 4?
9321a
In base 11, what is -4365a + 12?
-43648
In base 10, what is 12 - 2473?
-2461
In base 6, what is 3512 - -501?
4413
In base 15, what is 1 - 13b7a9?
-13b7a8
In base 13, what is 4 - -79890?
79894
In base 9, what is -217 - 588?
-816
In base 9, what is -2033457 - -4?
-2033453
In base 11, what is 334 - -1638?
1971
In base 14, what is -1136 + 261?
-cb5
In base 6, what is 5455550 - 4?
5455542
In base 8, what is -5550 - -1?
-5547
In base 5, what is 3211 - 3?
3203
In base 12, what is 770148 + -3?
770145
In base 7, what is 61255421 + 5?
61255426
In base 11, what is -34a06 - 4?
-34a0a
In base 3, what is 222021 + -22220020?
-21220222
In base 6, what is -2040 - -340?
-1300
In base 8, what is 3374251 - 0?
3374251
In base 8, what is 3 + -265052?
-265047
In base 16, what is -1ed11 + -2?
-1ed13
In base 9, what is 6607 + 23?
6631
In base 5, what is 10113231 - -1?
10113232
In base 3, what is -11111200221 - -2?
-11111200212
In base 4, what is -201 - 232012?
-232213
In base 16, what is 553 - 21?
532
In base 3, what is -10211 - -20212?
10001
In base 6, what is 4 - 224134?
-224130
In base 2, what is 1001111100000010110 + 10?
1001111100000011000
In base 6, what is -1 + 554143?
554142
In base 10, what is -164703 - 4?
-164707
In base 14, what is a41b - 11?
a40a
In base 9, what is 38256 - -23?
38280
In base 11, what is 5 + 6397?
63a1
In base 3, what is 10211101122 - 11?
10211101111
In base 6, what is -35531 - 13?
-35544
In base 15, what is -5d - -6a4?
646
In base 5, what is 14 + -1021440?
-1021421
In base 2, what is -10010100001011 + 10101?
-10010011110110
In base 14, what is 10b4 + 9d?
1173
In base 11, what is -5 - a363?
-a368
In base 9, what is -5177 - 21?
-5208
In base 3, what is 1121 - -120220?
122111
In base 14, what is d - 80740?
-80731
In base 14, what is -5 - 6652?
-6657
In base 8, what is -5 - 777636?
-777643
In base 13, what is 2 - 1ab9b?
-1ab99
In base 12, what is -1529 - -19?
-1510
In base 2, what is 1011110010000 + -10101101?
1011011100011
In base 4, what is -11 - 213002?
-213013
In base 2, what is -101001011001 - -10110111?
-100110100010
In base 15, what is 2a + 38e3?
391d
In base 15, what is 1108 - -1b?
1124
In base 9, what is -1 + 472243?
472242
In base 8, what is -24170 + -1?
-24171
In base 10, what is 126461 + -9?
126452
In base 15, what is -a83 - -127?
-95b
In base 16, what is 6 + 503f7?
503fd
In base 12, what is 69 + -2088?
-201b
In base 16, what is b472 - -5?
b477
In base 9, what is 138 + -4502?
-4353
In base 16, what is 7099c9 - -1?
7099ca
In base 5, what is -43 + 14230?
14132
In base 8, what is 1 - -134202?
134203
In base 10, what is -33 - 456?
-489
In base 16, what is -28df + 74?
-286b
In base 14, what is c17 - -23?
c3a
In base 3, what is -111 + -121210110?
-121210221
In base 5, what is 43 + 211213?
211311
In base 7, what is 2 - -4435?
4440
In base 10, what is 22 + -752?
-730
In base 3, what is -2001 + 11222022?
11220021
In base 4, what is 30330 - 220?
30110
In base 9, what is -27 - 350215?
-350243
In base 13, what is -5 + 62415?
62410
In base 2, what is -11000001001100110 - -1001?
-11000001001011101
In base 8, what is 25720 + -1?
25717
In base 11, what is 2538 + 0?
2538
In base 4, what is 30123 + 301?
31030
In base 7, what is -2306126 - -1?
-2306125
In base 14, what is -1 - -18b74?
18b73
In base 2, what is 1010110100101 - -11?
1010110101000
In base 3, what is -1012001201210 - 10?
-1012001201220
In base 2, what is -1100110 - -1100000110?
1010100000
In base 13, what is -44 + -12312?
-12356
In base 7, what is -226555 + 6?
-226546
In base 14, what is -9 - 2ac?
-2b7
In base 2, what is -11100110001 + 11?
-11100101110
In base 9, what is 2 + 16672?
16674
In base 5, what is 1313 + -424?
334
In base 10, what is -5 - 1972?
-1977
In base 13, what is -282 + -51?
-303
In base 15, what is -3350 - 5?
-3355
In base 16, what is 0 - -3ced?
3ced
In base 4, what is 113 - 311323?
-311210
In base 16, what is 0 + 6667?
6667
In base 3, what is 2211100022 - 20?
2211100002
In base 2, what is 0 + 10101110000?
10101110000
In base 16, what is -1 - 4761d?
-4761e
In base 12, what is 4 - 9847?
-9843
In base 4, what is -13300 - -100?
-13200
In base 12, what is -3168424 + -5?
-3168429
In base 4, what is -3 - -13001320?
13001311
In base 6, what is 25 + 201101?
201130
In base 9, what is -4573 - 23?
-4606
In base 9, what is -5 + -743783?
-743788
In base 7, what is -6 + 166450?
166441
In base 14, what is 1005b + -3?
10058
In base 16, what is -3 + -102b56?
-102b59
In base 5, what is 4423 - -131?
10104
In base 11, what is 3a3153 - 3?
3a3150
In base 11, what is -2 - -9988?
9986
In base 15, what is 940 + 13d?
a7d
In base 11, what is -6a03 + 59?
-6955
In base 12, what is 390362 - 5?
390359
In base 2, what is 101 + 1001111111101111101?
1001111111110000010
In base 7, what is -64 - 5645?
-6042
In base 10, what is -4946 - 3?
-4949
In base 2, what is -110 - 111000011100111010?
-111000011101000000
In base 5, what is -212 - 101323?
-102040
In base 15, what is 2 - -668d?
6690
In base 14, what is 9447 - 1?
9446
In base 5, what is -3 + 112221?
112213
In base 15, what is -1a4b7 + -2?
-1a4b9
In base 4, what is -2 + -2233022?
-2233030
In base 2, what is -1110 - 1011100110?
-1011110100
In base 8, what is 16167750 + 3?
16167753
In base 4, what is 111320322 - -11?
111320333
In base 16, what is -230 - -889?
659
In base 5, what is -121100 + 132?
-120413
In base 4, what is 201212330 + -1?
201212323
In base 5, what is 401100 + -4?
401041
In base 12, what is -42 + 1041?
bbb
In base 4, what is -2 - 21111222?
-21111230
In base 14, what is -3c411 + 1?
-3c410
In base 10, what is 4 + -74714?
-74710
In base 11, what is -6a47 - -1?
-6a46
In base 4, what is 310332300 - -2?
310332302
In base 15, what is 634c - 3d?
630e
In base 7, what is 11 - 3336234?
-3336223
In base 9, what is 3622 - 41?
3571
In base 15, what is 244 - -81?
2c5
In base 4, what is 0 + -102200020?
-102200020
In base 7, what is 46606 - -25?
46634
In base 2, what is -100100110011111010 - -110?
-100100110011110100
In base 14, w